hat are the prime factors of v?
3, 13
Let f = 845 + -837. List the prime factors of (-4)/(f/10*(-12)/96).
2, 5
Let u(d) = 4190*d + 267. List the prime factors of u(20).
84067
Let w be (-6 - 40/(-7))*-21. What are the prime factors of ((-8)/6*-9)/(w/417)?
2, 3, 139
Suppose -54*r - 106*r + 3160477 = 31*r. What are the prime factors of r?
16547
Suppose -6*i + 2*i = 4. Let w(v) = -4339*v + 2 - 1 + 4338*v + 95*v**2. What are the prime factors of w(i)?
97
What are the prime factors of (66958/(-3))/(45/(3105/(-46)))?
33479
Let z(o) = o - 4*o - 22 + 6 - 9. Let s be z(-9). What are the prime factors of (81/(-3))/(-3) - s?
7
Suppose 0 = 15*c - 13193 - 124372. What are the prime factors of c?
3, 1019
Let z(a) = -64*a - 82. Let u be (-3 + (-16)/(-6))*30. What are the prime factors of z(u)?
2, 3, 31
Suppose -3*g + 2 = -13. Suppose 3*v + 8 = g*v. Suppose 0*k - 5*a = -k - 2, a = v*k - 11. List the prime factors of k.
3
Suppose 3284556 = 164*r - 15*r. List the prime factors of r.
2, 3, 11, 167
Suppose 10960 = -28*m + 31*m + 2*b, 5*b + 18225 = 5*m. List the prime factors of m.
2, 5, 73
Suppose 9 = -4*u + 7*u. Suppose -2*t = u*t + 80. Let l = 10 - t. What are the prime factors of l?
2, 13
Let b(p) = -p**2 - 34*p + 4. Let l be b(-34). Suppose -5*g + 5*j + 786 = 141, -636 = -5*g - l*j. What are the prime factors of g?
2
List the prime factors of 4297/(5*(-3)/(-15)).
4297
Suppose 3*a + 5 = -13*f + 14*f, -a + 57 = 5*f. Suppose f*z - 2*z = 621. What are the prime factors of z?
3, 23
Let w(a) = 16*a + 47. Let p be w(-3). What are the prime factors of (-5)/(20/(-592)) - (1 + p)?
2, 37
Suppose -38129 - 26551 = -5*k. Suppose 20*p = 44*p - k. List the prime factors of p.
7, 11
Let r(p) = -p**3 + 8*p**2 - 3*p + 6. Let v be r(6). Let d(h) = -15*h + 416. Let j be d(12). Suppose 62*w = v*w + j. List the prime factors of w.
2, 59
Let r = -908 + 927. Suppose -5*b = j + 4 - 146, 4*j = b + 568. Let w = j - r. List the prime factors of w.
3, 41
Let u = -515 + 358. Let o = -122 - u. List the prime factors of o.
5, 7
Let i be (-12)/(-16) + 118/(-8). Let p = -17 - i. List the prime factors of -4 - p - (-59 - 4/(-4)).
3, 19
Let t(o) = -1457*o + 47666. List the prime factors of t(0).
2, 23833
Let g(w) = -3*w + 1. Let q(a) = -246*a - 5. Let y(u) = 3*g(u) - q(u). List the prime factors of y(1).
5, 7
Suppose 139*g - 46*g = -22*g + 5566460. List the prime factors of g.
2, 12101
Let a = 1899 + -488. Let v = -807 + a. List the prime factors of v.
2, 151
Let h be 4/((-5)/(3 + -543)). Suppose -h = -3*m - m. Let l = -32 + m. List the prime factors of l.
2, 19
Suppose 0*g = 5*g + 15, 5*g + 582 = 3*h. What are the prime factors of h?
3, 7
Let p(u) be the third derivative of 13*u**2 - 4/3*u**3 + 3/8*u**4 + 0*u + 0. What are the prime factors of p(5)?
37
Suppose -2*j + 6 = 0, l + 46*j - 48*j - 2232 = 0. List the prime factors of l.
2, 3, 373
Suppose -2*i - 1102 + 56 = 0. Let c = -176 - i. Suppose 2*n = 4*x + 214, 131 = 4*n + 2*x - c. What are the prime factors of n?
3, 13
Suppose -136 = -i - 24. Let p = 17 - 33. Let b = p + i. List the prime factors of b.
2, 3
Let k(o) = o**3 - 51*o**2 - 426*o + 80. What are the prime factors of k(66)?
2, 4663
Let h(o) = o**3 - o + 93. Let r = 37 - 40. Let n be r/(-6) - (36/8)/9. List the prime factors of h(n).
3, 31
Suppose 5*w + 5 = -5, 2*w = -4*o + 552. Suppose -5*n + o = 3*k - 7*k, -k = n - 35. What are the prime factors of n?
31
What are the prime factors of 408/10812 + 267540/106?
2, 631
Suppose 0 = -205*l + 198*l + 42. List the prime factors of 5/(180/12159) - l/8.
337
Let h(t) = t**3 + 33*t**2 + 25*t - 18. Suppose 921 = -11*b + 591. List the prime factors of h(b).
2, 3, 7, 23
Let z = 404 + -216. Suppose z*i = 189*i - 557. What are the prime factors of i?
557
Let y(g) = -g**3 + 2*g**2 - 8*g + 5. Let v be y(6). Suppose -4 = -2*u - 2*a, 0*a - 4*a = -5*u + 10. What are the prime factors of u/17 + (-23353)/v?
5
Let p = -174 - -178. What are the prime factors of 129 + (2 + p - 2 - 8)?
5
Let y(q) = q**3 - 10*q**2 + 7*q + 11. Let r be 4/14 - 244/(-28). Let a be y(r). Let o = a + 61. List the prime factors of o.
2, 3
Suppose -22 = -5*r - n, 4*n = -0*n - 12. Suppose r*i - x - 2360 = 0, -2*i - x + 373 = -564. What are the prime factors of i?
3, 157
Suppose -4*g + 6 = d + 3, 2*d + 5*g - 6 = 0. Suppose 0 = a - d*k, 0*k = 3*a + 3*k + 60. List the prime factors of (54/a)/(6/(-340)).
2, 3, 17
Suppose 1993 + 32737 = n - 2*v, -2*v - 69452 = -2*n. What are the prime factors of n?
2, 3, 643
Suppose 138 = 2*n + 124, 0 = 5*q + 4*n - 146003. What are the prime factors of q?
5, 5839
Suppose 0 = 5*r - 2*l - l + 83, 3*l = -4*r - 88. Let n = 12 + r. Let d(q) = q**2 - q - 14. What are the prime factors of d(n)?
2, 3, 7
Let l = 26638 + -14074. List the prime factors of l.
2, 3, 349
Let m = 1122 + -734. Let b = 262 + m. List the prime factors of b.
2, 5, 13
Let l = 42 - 46. Let x be 0 - l/3*1683/(-34). Let t = 126 - x. What are the prime factors of t?
2, 3
Let w(t) = 78 + 41*t - 39 - 37. Let d be w(3). Suppose -113 - d = -7*n. List the prime factors of n.
2, 17
Suppose -34967 = -3*t + t + 3*l, -3*t + 5*l + 52447 = 0. What are the prime factors of t?
2, 8747
Let d(a) = 3*a**2 + 15*a + 14. Let p be d(-16). Suppose 3*q + 57 = -5*x + 1693, x = -q + p. Suppose 37*z = 40*z - q. What are the prime factors of z?
179
Suppose -5*y = -0*y - 290. Let c = -569 - -639. Let j = c - y. List the prime factors of j.
2, 3
Let g(j) = -1430*j**3 + j**2 + j. Let w be g(-1). Let u = -999 + w. Suppose -11*s - u + 2334 = 0. List the prime factors of s.
173
Let g(m) = 203*m**3 + 12*m - 19. What are the prime factors of g(6)?
11, 13, 307
Suppose z = 16*b - 21*b + 1552, 3*z - 4*b - 4732 = 0. List the prime factors of z.
2, 3, 131
Suppose -61326 + 159352 = 180*t - 157*t. List the prime factors of t.
2, 2131
List the prime factors of (-4)/(-16)*90921 - 15/12.
7, 17, 191
Let d(x) = 1510*x**2 - 28*x + 5. What are the prime factors of d(2)?
53, 113
Let r(d) = -d**2 - 9*d - 10. Let h = -110 + 101. Let v be r(h). List the prime factors of 50*(56/v)/(-2).
2, 5, 7
Suppose -3202 - 2733 = -r - 5*g, 5945 = r - 5*g. What are the prime factors of r?
2, 3, 5, 11
Suppose 2*o - 4*p - 2356 - 9138 = 0, -5*o = -5*p - 28730. List the prime factors of o.
3, 5, 383
Suppose 3*g - 4 = 3*k - 22, 0 = 3*k + 5*g - 2. Suppose 2*z + 3*p = -0*z - 2366, 8 = -k*p. What are the prime factors of 1/(4 + z/296)?
2, 37
Let x(q) = 10*q**2 + 15*q + 31. Let c be x(15). Suppose 7680 + c = 22*l. List the prime factors of l.
463
Let i(u) = 2*u**3 - 11*u**2 + 15*u + 24. Suppose -6*k + 448 = 50*k. What are the prime factors of i(k)?
2, 29
Suppose 0 = -6*h + 21 - 57. Let l be (15/h)/((-2)/4). Suppose 2*a - a - 79 = 2*y, a = -l*y + 114. What are the prime factors of a?
89
Suppose h + 2*w - 12409 = 0, 110*w = 114*w + 16. What are the prime factors of h?
3, 4139
Let h be -1 + -4 - 7/(-14)*28. List the prime factors of 8/(h/((-3204)/(-8))).
2, 89
Suppose 5*y = -c + 31 + 3, -3*y = -5*c + 2. What are the prime factors of -3*(1 + (-572)/y)?
283
Let u(o) = -394*o - 1738. What are the prime factors of u(-22)?
2, 3, 5, 7, 11
Suppose q + 2*q = -4*y + 7, 0 = -2*q - 6. Let a be 6*3/72 + (-1)/y. Suppose 2*c + v - 3*v - 148 = 0, a = 3*c + 4*v - 229. What are the prime factors of c?
3, 5
Suppose 28 - 6 = 2*s + 5*d, 5*s + 11 = 4*d. What are the prime factors of (-7242)/(-24) - -5 - s/(-4)?
307
Suppose 94*d = 90*d. Let t be (-3 + -2)/(-1) - 0. Suppose 327 = 3*k - d*y - 3*y, 437 = 4*k - t*y. What are the prime factors of k?
2, 3
Let t(m) = 6*m - 2. Let g be t(1). Suppose -g*s - 1482 = -5*a, 5*s - 56 - 223 = -a. Suppose -7*p - a = -9*p. What are the prime factors of p?
3, 7
Let u = 91 + -63. Suppose -2*c = -4*c. Suppose c = 3*z - 2*z - u. List the prime factors of z.
2, 7
Suppose 339*k = 327*k + 306324. What are the prime factors of k?
3, 67, 127
Let n = -632 - -623. What are the prime factors of -36*((-423)/12)/(n/(-6))?
2, 3, 47
Let h(s) = -s**3 - 6*s**2 - 22*s - 14. What are the prime factors of h(-6)?
2, 59
Let r(t) = 2*t - 8. Let b(f) = -f**2 - 8*f - 11. Let i be b(-2). Let s(g) = 16*g**3 - g**2 + 2*g. Let c be s(i). What are the prime factors of r(c)?
2, 13
Let u(t) = -3*t**3 - 49*t**2 - 38*t - 471. List the prime factors of u(-20).
3, 521
What are the prime factors of